 325750?
5
What is the hundreds digit of 123937?
9
What is the tens digit of 30639?
3
What is the hundreds digit of 660859?
8
What is the thousands digit of 1245?
1
What is the thousands digit of 2795146?
5
What is the millions digit of 3982356?
3
What is the thousands digit of 18502?
8
What is the units digit of 1259584?
4
What is the thousands digit of 22644184?
4
What is the thousands digit of 947997?
7
What is the thousands digit of 1726006?
6
What is the hundred thousands digit of 29661302?
6
What is the millions digit of 8231905?
8
What is the tens digit of 196041?
4
What is the tens digit of 850944?
4
What is the millions digit of 3611374?
3
What is the units digit of 3039379?
9
What is the hundred thousands digit of 5609247?
6
What is the units digit of 5903493?
3
What is the hundred thousands digit of 2421045?
4
What is the millions digit of 2678956?
2
What is the hundreds digit of 488583?
5
What is the thousands digit of 831541?
1
What is the thousands digit of 3140778?
0
What is the units digit of 7698389?
9
What is the ten thousands digit of 250185?
5
What is the thousands digit of 20181256?
1
What is the hundreds digit of 14812725?
7
What is the hundred thousands digit of 367259?
3
What is the units digit of 3842738?
8
What is the hundred thousands digit of 333050?
3
What is the thousands digit of 3452763?
2
What is the ten thousands digit of 1445114?
4
What is the hundreds digit of 26771886?
8
What is the millions digit of 2532596?
2
What is the hundreds digit of 6772572?
5
What is the units digit of 16750192?
2
What is the hundreds digit of 2565277?
2
What is the tens digit of 73174?
7
What is the hundred thousands digit of 545332?
5
What is the ten thousands digit of 5592763?
9
What is the thousands digit of 238244?
8
What is the hundreds digit of 361780?
7
What is the hundred thousands digit of 4739246?
7
What is the thousands digit of 30007049?
7
What is the millions digit of 2383985?
2
What is the hundred thousands digit of 216561?
2
What is the hundreds digit of 24634860?
8
What is the ten thousands digit of 5336598?
3
What is the units digit of 8925298?
8
What is the thousands digit of 10270514?
0
What is the units digit of 608511?
1
What is the thousands digit of 737536?
7
What is the hundred thousands digit of 24753824?
7
What is the hundred thousands digit of 109551?
1
What is the tens digit of 10338919?
1
What is the ten thousands digit of 10534260?
3
What is the tens digit of 65279?
7
What is the thousands digit of 40880?
0
What is the hundred thousands digit of 10181678?
1
What is the tens digit of 12974782?
8
What is the thousands digit of 763161?
3
What is the thousands digit of 173750?
3
What is the thousands digit of 8630902?
0
What is the hundreds digit of 2066957?
9
What is the thousands digit of 434484?
4
What is the ten thousands digit of 46003?
4
What is the units digit of 1037292?
2
What is the thousands digit of 1079957?
9
What is the units digit of 1827767?
7
What is the hundreds digit of 2881020?
0
What is the tens digit of 213819?
1
What is the ten thousands digit of 12082312?
8
What is the hundreds digit of 931130?
1
What is the thousands digit of 17415205?
5
What is the hundreds digit of 298505?
5
What is the thousands digit of 119398?
9
What is the ten thousands digit of 3221605?
2
What is the units digit of 3115990?
0
What is the tens digit of 1410504?
0
What is the hundreds digit of 12192751?
7
What is the tens digit of 376491?
9
What is the units digit of 178818?
8
What is the thousands digit of 373582?
3
What is the hundreds digit of 17980469?
4
What is the hundred thousands digit of 2608085?
6
What is the thousands digit of 3219998?
9
What is the hundreds digit of 1071593?
5
What is the tens digit of 7477?
7
What is the units digit of 8134882?
2
What is the tens digit of 5131478?
7
What is the hundred thousands digit of 842892?
8
What is the hundred thousands digit of 571130?
5
What is the units digit of 8810030?
0
What is the millions digit of 20079092?
0
What is the hundred thousands digit of 10357417?
3
What is the ten thousands digit of 15584?
1
What is the units digit of 2981061?
1
What is the hundreds digit of 125254?
2
What is the tens digit of 1548828?
2
What is the tens digit of 448757?
5
What is the hundred thousands digit of 342786?
3
What is the hundred thousands digit of 758691?
7
What is the millions digit of 1957253?
1
What is the ten thousands digit of 1254947?
5
What is the ten thousands digit of 1772055?
7
What is the thousands digit of 5800581?
0
What is the hundreds digit of 8097326?
3
What is the units digit of 5338641?
1
What is the units digit of 1387076?
6
What is the units digit of 17284871?
1
What is the tens digit of 1170230?
3
What is the ten thousands digit of 333163?
3
What is the thousands digit of 3689623?
9
What is the millions digit of 3462458?
3
What is the hundreds digit of 169469?
4
What is the thousands digit of 46323?
6
What is the tens digit of 287202?
0
What is the thousands digit of 22198?
2
What is the millions digit of 15135625?
5
What is the hundred thousands digit of 2053678?
0
What is the ten thousands digit of 150606?
5
What is the hundred thousands digit of 158678?
1
What is the thousands digit of 3796551?
6
What is the ten thousands digit of 547560?
4
What is the hundred thousands digit of 2068033?
0
What is the tens digit of 2067745?
4
What is the thousands digit of 44112?
4
What is the ten thousands digit of 210732?
1
What is the hundred thousands digit of 3447130?
4
What is the tens digit of 3257980?
8
What is the thousands digit of 120418?
0
What is the millions digit of 1527625?
1
What is the tens digit of 2750025?
2
What is the tens digit of 131470?
7
What is the thousands digit of 2609243?
9
What is the hundred thousands digit of 144298?
1
What is the ten thousands digit of 958547?
5
What is the units digit of 234253?
3
What is the thousands digit of 422196?
2
What is the hundred thousands digit of 620910?
6
What is the millions digit of 1281956?
1
What is the units digit of 1143050?
0
What is the hundred thousands digit of 4511259?
5
What is the units digit of 52418?
8
What is the thousands digit of 17265929?
5
What is the tens digit of 9160650?
5
What is the thousands digit of 1135583?
5
What is the ten thousands digit of 3418445?
1
What is the hundred thousands digit of 689884?
6
What is the hundreds digit of 257419?
4
What is the tens digit of 229287?
8
What is the hundred thousands digit of 2060301?
0
What is the millions digit of 7971082?
7
What is the tens digit of 246432?
3
What is the thousands digit of 7658588?
8
What is the hundreds digit of 2105052?
0
What is the hundreds digit of 1849113?
1
What is the units digit of 7498665?
5
What is the tens digit of 207604?
0
What is the hundreds digit of 511839?
8
What is the ten thousands digit of 130313?
3
What is the tens digit of 141509?
0
What is the thousands digit of 3440979?
0
What is the thousands digit of 21889898?
9
What is the tens digit of 2096832?
3
What is the hundred thousands digit of 2578819?
5
What is the hundred thousands digit of 4475496?
4
What is the hundred thousands digit of 1495706?
4
What is the units digit of 10122732?
2
What is the hundreds digit of 118074?
0
What is the units digit of 10189558?
8
What is the hundreds digit of 791398?
3
What is the hundreds digit of 3308725?
7
What is the hundreds digit of 23530200?
2
What is the units digit of 12593352?
2
What is the ten millions digit of 29365426?
2
What is the ten millions digit of 14002299?
1
What is the ten thousands digit of 2099155?
9
What is the units digit of 616321?
1
What is the tens digit of 6084819?
1
What is the hundreds digit of 46977?
9
What is the hundred thousands digit of 1627346?
6
What is the hundreds digit of 607522?
5
What is the ten thousands digit of 1041162?
4
What is the millions digit of 6888958?
6
What is the ten thousands digit of 236724?
3
What is the ten thousands digit of 4634161?
3
What is the tens digit of 15238?
3
What is the thousands digit of 22790791?
0
What is the ten thousands digit of 314622?
1
What is the ten thousands digit of 1374194?
7
What is the thousands digit of 172058?
2
What is the tens digit of 2362684?
8
What is the hundred thousands digit of 2530890?
